 is divided by 5628?
3024
Calculate the remainder when 27155522 is divided by 43.
33
What is the remainder when 9296043 is divided by 95?
8
What is the remainder when 1860979 is divided by 6996?
43
Calculate the remainder when 1235136 is divided by 299.
266
What is the remainder when 93916080 is divided by 23?
19
What is the remainder when 2255629 is divided by 577?
136
Calculate the remainder when 185385 is divided by 45681.
2661
Calculate the remainder when 9419726 is divided by 1260.
1226
Calculate the remainder when 960819 is divided by 985.
444
Calculate the remainder when 638425719 is divided by 554.
551
Calculate the remainder when 390116 is divided by 1115.
981
Calculate the remainder when 6134878 is divided by 165807.
19
Calculate the remainder when 6577567 is divided by 5915.
87
Calculate the remainder when 744824 is divided by 3687.
50
What is the remainder when 700356 is divided by 9093?
195
What is the remainder when 3056545 is divided by 5702?
273
What is the remainder when 173126 is divided by 31?
22
Calculate the remainder when 823465 is divided by 1375.
1215
What is the remainder when 2988336 is divided by 597661?
31
What is the remainder when 872049 is divided by 7716?
141
Calculate the remainder when 1069324 is divided by 4528.
716
Calculate the remainder when 3219528 is divided by 3252.
48
Calculate the remainder when 824907 is divided by 723.
687
Calculate the remainder when 27848 is divided by 696.
8
Calculate the remainder when 6973026 is divided by 128.
98
What is the remainder when 6558557 is divided by 2218?
2149
Calculate the remainder when 738884 is divided by 88.
36
Calculate the remainder when 37973108 is divided by 4219233.
11
What is the remainder when 3114903 is divided by 13?
12
What is the remainder when 11795497 is divided by 152?
145
Calculate the remainder when 423349 is divided by 1361.
78
Calculate the remainder when 1107466 is divided by 369087.
205
Calculate the remainder when 3871150 is divided by 648.
646
What is the remainder when 108959 is divided by 3104?
319
Calculate the remainder when 470951 is divided by 296.
15
What is the remainder when 8102957 is divided by 378?
149
What is the remainder when 1160702 is divided by 312?
62
Calculate the remainder when 163204255 is divided by 960025.
5
Calculate the remainder when 910906 is divided by 203.
45
Calculate the remainder when 23838326 is divided by 104554.
14
Calculate the remainder when 6194102 is divided by 516174.
14
Calculate the remainder when 2855216 is divided by 330.
56
Calculate the remainder when 1696476 is divided by 655.
26
Calculate the remainder when 12944760 is divided by 37.
14
What is the remainder when 1461790 is divided by 40?
30
Calculate the remainder when 97801 is divided by 430.
191
What is the remainder when 381525856 is divided by 13?
10
What is the remainder when 9107780 is divided by 175149?
32
What is the remainder when 60431 is divided by 5421?
800
What is the remainder when 2790728 is divided by 79?
53
What is the remainder when 1991786 is divided by 29727?
77
Calculate the remainder when 6862259 is divided by 1287.
1262
Calculate the remainder when 162388 is divided by 3622.
3020
Calculate the remainder when 4663459 is divided by 255.
19
What is the remainder when 14105140 is divided by 2825?
2740
Calculate the remainder when 238089 is divided by 39.
33
What is the remainder when 6913727 is divided by 62852?
7
Calculate the remainder when 29236 is divided by 28920.
316
Calculate the remainder when 710522 is divided by 5301.
188
What is the remainder when 212300 is divided by 367?
174
Calculate the remainder when 182405 is divided by 129.
128
Calculate the remainder when 19843797 is divided by 1471.
7
What is the remainder when 97807560 is divided by 24451890?
0
Calculate the remainder when 5131353 is divided by 19.
4
Calculate the remainder when 74969 is divided by 5762.
63
What is the remainder when 2627747 is divided by 8011?
139
Calculate the remainder when 12799 is divided by 11589.
1210
What is the remainder when 19574558 is divided by 16933?
10
Calculate the remainder when 5767755 is divided by 1093.
1087
Calculate the remainder when 4184336 is divided by 208.
0
What is the remainder when 2217867 is divided by 408?
387
What is the remainder when 2109208 is divided by 3965?
3793
What is the remainder when 86020071 is divided by 3646?
3639
Calculate the remainder when 19255 is divided by 1044.
463
What is the remainder when 5053435 is divided by 44?
35
What is the remainder when 2415205 is divided by 17629?
32
What is the remainder when 357267 is divided by 39683?
120
Calculate the remainder when 195666 is divided by 2059.
61
Calculate the remainder when 123620529 is divided by 2499.
2496
What is the remainder when 112476621 is divided by 40?
21
What is the remainder when 534233 is divided by 177834?
731
Calculate the remainder when 326256 is divided by 2161.
2106
What is the remainder when 991371 is divided by 495580?
211
Calculate the remainder when 2772297 is divided by 924042.
171
Calculate the remainder when 3067936 is divided by 375.
61
Calculate the remainder when 50169 is divided by 810.
759
What is the remainder when 17865074 is divided by 603?
596
Calculate the remainder when 209118 is divided by 830.
788
Calculate the remainder when 149478 is divided by 149447.
31
Calculate the remainder when 246983 is divided by 1534.
9
Calculate the remainder when 54205432 is divided by 62.
10
Calculate the remainder when 157276 is divided by 14039.
2847
Calculate the remainder when 22374 is divided by 7137.
963
What is the remainder when 18286 is divided by 18097?
189
Calculate the remainder when 33306041 is divided by 24.
17
Calculate the remainder when 15422474 is divided by 70.
4
Calculate the remainder when 19394932 is divided by 494.
492
What is the remainder when 28226554 is divided by 454?
12
Calculate the remainder when 126578 is divided by 18054.
200
What is the remainder when 94944434 is divided by 699?
662
What is the remainder when 15423225 is divided by 57?
51
Calculate the remainder when 3210260 is divided by 356695.
5
What is the remainder when 329893 is divided by 1071?
25
Calculate the remainder when 1367981 is divided by 855.
836
What is the remainder when 2558967 is divided by 1279421?
125
What is the remainder when 228008 is divided by 1227?
1013
Calculate the remainder when 2964564 is divided by 74114.
4
What is the remainder when 196963 is divided by 97094?
2775
What is the remainder when 224506878 is divided by 16?
14
What is the remainder when 37135 is divided by 11977?
1204
What is the remainder when 534327 is divided by 41015?
1132
What is the remainder when 192226 is divided by 624?
34
Calculate the remainder when 101980 is divided by 25471.
96
Calculate the remainder when 376081 is divided by 1150.
31
What is the remainder when 10953952 is divided by 18?
16
What is the remainder when 556558 is divided by 1476?
106
What is the remainder when 473388658 is divided by 6483?
6481
What is the remainder when 979043651 is divided by 188?
187
Calculate the remainder when 1567722 is divided by 173.
169
What is the remainder when 2697605 is divided by 1348772?
61
What is the remainder when 43458797 is divided by 77?
74
What is the remainder when 31630262 is divided by 7?
6
What is the remainder when 2982802 is divided by 7476?
7354
What is the remainder when 2058739 is divided by 257342?
3
Calculate the remainder when 25484779 is divided by 10744.
11
Calculate the remainder when 518040 is divided by 88.
72
What is the remainder when 1126082 is divided by 374898?
1388
What is the remainder when 726907 is divided by 7124?
259
What is the remainder when 13701799 is divided by 70?
69
Calculate the remainder when 781339108 is divided by 10363.
10360
What is the remainder when 864257621 is divided by 231?
227
What is the remainder when 1535773 is divided by 511912?
37
Calculate the remainder when 2590520 is divided by 647630.
0
Calculate the remainder when 23428873 is divided by 11633.
11
Calculate the remainder when 1434843 is divided by 478281.
0
What is the remainder when 32382132 is divided by 198?
24
Calculate the remainder when 44052 is divided by 1894.
490
What is the remainder when 2027312 is